86 a factor of 182502517?
False
Is 38 a factor of 125783037?
False
Is 1428 a factor of 20744846?
False
Is 1438 a factor of 33696654?
True
Is 382215201 a multiple of 23?
False
Is 142 a factor of 9802402?
True
Does 175 divide 99248450?
True
Is 6224265856 a multiple of 22?
False
Is 142267680 a multiple of 40?
True
Does 93 divide 940508120?
False
Is 10 a factor of 24073180?
True
Is 33244458 a multiple of 420?
False
Is 11 a factor of 65593230?
False
Is 8 a factor of 194711704?
True
Is 12 a factor of 2130962652?
True
Does 21 divide 264369945?
True
Does 481 divide 564685823?
True
Is 2272184640 a multiple of 6120?
True
Is 27 a factor of 3530467296?
True
Is 198 a factor of 45787068?
False
Does 742 divide 780848894?
True
Is 1071 a factor of 61365087?
True
Is 794 a factor of 110384939?
False
Is 141794226 a multiple of 26?
False
Does 799 divide 244551038?
False
Is 2406789073 a multiple of 57?
False
Is 14 a factor of 1051243928?
True
Does 4 divide 16241480?
True
Does 17 divide 389507683?
False
Is 752 a factor of 35456345?
False
Is 516239922 a multiple of 506?
True
Is 10 a factor of 142193960?
True
Is 32 a factor of 20031328?
True
Does 717 divide 1913241732?
False
Is 68 a factor of 20968004?
True
Does 101 divide 53224576?
True
Is 8 a factor of 1169969832?
True
Is 5476765 a multiple of 28?
False
Does 30 divide 908219408?
False
Does 379 divide 223766995?
False
Is 34 a factor of 202341367?
False
Is 162 a factor of 35690382?
True
Is 10 a factor of 553038670?
True
Does 27 divide 46642720?
False
Is 256967333 a multiple of 749?
False
Is 3 a factor of 11918740?
False
Does 21 divide 4173629?
False
Is 20 a factor of 233289578?
False
Does 7 divide 18584649?
False
Does 135 divide 29590110?
True
Does 35 divide 1856721144?
False
Does 426 divide 3081713?
False
Does 17 divide 126038986?
True
Is 1369270770 a multiple of 15?
True
Is 331 a factor of 17702369?
False
Is 84 a factor of 889978320?
True
Is 1179727130 a multiple of 1270?
True
Does 1171 divide 5686747?
False
Is 12 a factor of 1751240424?
True
Is 397 a factor of 1877818?
False
Is 19 a factor of 393791473?
True
Is 18277 a factor of 1309564570?
False
Is 79 a factor of 119970142?
False
Is 242000403 a multiple of 248?
False
Is 26951798 a multiple of 172?
False
Does 19 divide 27255950?
False
Does 1756 divide 208577680?
True
Is 730462448 a multiple of 76?
True
Does 29 divide 401582140?
True
Is 116 a factor of 46264537?
False
Is 9037680 a multiple of 24?
True
Is 14 a factor of 1362991214?
False
Is 7 a factor of 175996004?
False
Is 14 a factor of 377313599?
False
Is 19 a factor of 38348874?
False
Does 21 divide 310947?
True
Is 887 a factor of 2179359?
True
Is 81574101 a multiple of 374?
False
Is 19 a factor of 27512911?
False
Does 79 divide 22936377?
False
Is 257 a factor of 55674541?
False
Does 8 divide 38741719?
False
Does 59 divide 267746248?
True
Is 1685873603 a multiple of 1085?
False
Is 89211312 a multiple of 3336?
True
Does 25 divide 173675251?
False
Is 112 a factor of 81388944?
True
Does 6 divide 383298871?
False
Is 566 a factor of 348526386?
True
Does 7662 divide 458639658?
True
Is 243380080 a multiple of 1480?
True
Is 103 a factor of 3013919668?
True
Does 38 divide 93991909?
False
Is 7 a factor of 5760172?
False
Does 2 divide 6106016?
True
Does 14 divide 2150293794?
False
Is 1593 a factor of 83017602?
True
Is 35714832 a multiple of 114?
True
Is 2744 a factor of 569591288?
True
Is 73 a factor of 1133114108?
False
Is 317229180 a multiple of 20?
True
Is 5 a factor of 112940193?
False
Is 5003461 a multiple of 3?
False
Is 437 a factor of 6663070?
False
Is 229404292 a multiple of 13?
True
Does 60 divide 453426885?
False
Does 1274 divide 1281601?
False
Is 79 a factor of 25904416?
True
Does 94 divide 28845780?
True
Is 243162920 a multiple of 1430?
True
Is 7 a factor of 200645442?
False
Is 82 a factor of 1537336?
True
Is 48 a factor of 37117680?
True
Does 1137 divide 1001600?
False
Is 2866 a factor of 48615958?
True
Does 1119 divide 248450701?
False
Is 1342502 a multiple of 7?
True
Is 874523593 a multiple of 3211?
False
Is 1173 a factor of 27956493?
False
Does 1205 divide 37504283?
False
Is 3 a factor of 687452894?
False
Does 616 divide 83210512?
True
Is 411 a factor of 26193441?
True
Does 18 divide 9537858?
True
Does 330 divide 2071591027?
False
Does 2 divide 510787?
False
Is 2078739600 a multiple of 220?
False
Is 2990272698 a multiple of 21?
True
Is 540 a factor of 140060880?
True
Is 2017587584 a multiple of 6208?
True
Is 1881270369 a multiple of 163?
False
Is 15543384 a multiple of 1309?
False
Is 416818408 a multiple of 117?
False
Is 68 a factor of 1076936762?
False
Does 1335 divide 256990170?
True
Is 564 a factor of 973463130?
False
Is 5402650 a multiple of 235?
True
Does 369 divide 355132076?
False
Is 4 a factor of 464354676?
True
Is 10183582 a multiple of 11?
False
Is 25 a factor of 82399797?
False
Is 3567517546 a multiple of 142?
True
Is 32743136 a multiple of 14?
False
Does 65 divide 19251214?
False
Does 2 divide 2971228?
True
Does 5 divide 647774?
False
Is 1412 a factor of 3659833847?
False
Is 49030100 a multiple of 175?
True
Is 206466942 a multiple of 11?
True
Does 6226 divide 6487991318?
False
Is 97 a factor of 42623643?
True
Does 757 divide 33381429?
True
Is 1314447 a multiple of 14?
False
Is 2 a factor of 25179924?
True
Is 703 a factor of 819274091?
True
Does 59 divide 12606235?
True
Is 430221250 a multiple of 966?
False
Is 51678024 a multiple of 456?
True
Does 5 divide 7613800?
True
Does 378 divide 165744775?
False
Is 967662483 a multiple of 7648?
False
Is 209 a factor of 835055529?
True
Does 3788 divide 3037529607?
False
Is 333133920 a multiple of 14?
True
Is 7 a factor of 47888771?
True
Is 49592384 a multiple of 9?
False
Does 53 divide 1165819641?
True
Is 5338729 a multiple of 233?
True
Is 59 a factor of 94292237?
False
Does 116 divide 2383734?
False
Is 506380136 a multiple of 2987?
True
Is 43 a factor of 33504939?
False
Is 9984141 a multiple of 164?
False
Does 490 divide 36045735?
False
Is 77 a factor of 157413216?
False
Does 246 divide 11803491?
False
Is 94 a factor of 179352?
True
Is 14537712 a multiple of 24?
True
Is 3951579 a multiple of 116?
False
Is 620044 a multiple of 331?
False
Is 31208032 a multiple of 16?
True
Is 1433530978 a multiple of 68?
False
Is 1477 a factor of 2637059923?
False
Is 1323 a factor of 228778752?
False
Does 824 divide 66554000?
False
Is 230 a factor of 4589300731?
False
Does 13 divide 128005501?
True
Is 113791080 a multiple of 20?
True
Is 1032296617 a multiple of 1777?
True
Is 139631010 a multiple of 5142?
True
Is 147789684 a multiple of 812?
True
Is 300653 a multiple of 177?
False
Is 13 a factor of 449447?
False
Does 4149 divide 91762159?
False
Is 1118756745 a multiple of 3051?
False
Does 40 divide 65205181?
False
Is 104 a factor of 53222624?
True
Is 30121727 a multiple of 74?
False
Is 53 a factor of 1203777091?
False
Is 1768054160 a multiple of 23?
True
Does 227 divide 73996325?
True
Is 379 a factor of 751170799?
True
Is 8446 a factor of 609894106?
True
Does 3 divide 2186548?
False
Is 419661719 a multiple of 6492?
False
Is 51023241 a multiple of 9?
True
Is 44347424 a multiple of 24?
False
Is 840 a factor of 86225160?
True
Does 564 divide 8530924?
False
Is 21280356 a multiple of 43?
True
Is 123 a factor of 43897571?
False
Does 1488 divide 47181039?
False
Does 12 divide 184071396?
True
Is 12 a factor of 160855056?
True
Is 2626705727 a multiple of 1710?
False
Does 62 divide 223550036?
False
Is 10017104 a multiple of 794?
True
Is 4 a factor of 49913287?
False
Is 354811474 a multiple of 104?
False
Does 96 divide 28079808?
True
Is 735 a factor of 107593710?
True
Is 6 a factor of 394025014?
False
Is 408 a factor of 637846503?
False
Does 153 divide 186158046?
False
Is 13 a factor of 87097231?
True
Does 390 divide 209126391?
False
Is 811 a factor of 85863003?
True
Is 4551 a factor of 713687820?
True
Is 370 a factor of 9653300?
True
Does 9 divide 279864243?
True
Does 2 divide 187662854?
True
Is 162138060 a multiple of 294?
True
Is 2616504 a multiple of 8?
True
Is 39 a factor of 47891220?
True
Does 17 divide 128626165?
True
Is 75983084 a multiple of 405?
False
Is 1602 a factor of 44125157?
False
Is 608 a factor of 48566432?
True
Does 605 divide 530739275?
True
Does 150 divide 20912